late the highest common divisor of 122 and 427996618.
122
What is the greatest common divisor of 23130170 and 70?
70
Calculate the greatest common factor of 45787840 and 455.
35
Calculate the greatest common divisor of 245 and 2528351.
49
What is the greatest common divisor of 610353 and 967089?
2787
What is the highest common factor of 1462460 and 19920?
1660
Calculate the greatest common factor of 1208 and 12740474.
302
Calculate the greatest common factor of 21192060 and 60.
60
What is the highest common factor of 522928 and 319?
29
Calculate the highest common divisor of 664 and 367401492.
332
What is the greatest common factor of 51310568 and 8?
8
What is the greatest common factor of 15409016 and 1456?
56
What is the greatest common divisor of 1084223 and 41209?
1421
What is the greatest common divisor of 228001 and 1201259?
3403
Calculate the highest common divisor of 1211162 and 47845.
1367
Calculate the highest common divisor of 2414 and 4829207.
1207
What is the greatest common divisor of 3901180 and 321605?
655
Calculate the highest common factor of 36 and 1678644.
36
Calculate the highest common divisor of 7140 and 322731570.
3570
What is the greatest common divisor of 5160 and 2748840?
120
What is the greatest common divisor of 5486899 and 803?
803
What is the highest common factor of 209047 and 20473979?
1403
Calculate the highest common divisor of 75 and 336471.
3
Calculate the greatest common factor of 354316 and 1313348.
1252
Calculate the greatest common factor of 54 and 437926.
2
Calculate the highest common divisor of 81432 and 10998.
234
Calculate the highest common factor of 3306 and 4044093.
57
Calculate the highest common divisor of 1411 and 70250868.
1411
Calculate the highest common divisor of 27 and 102243.
3
What is the highest common divisor of 147 and 100259523?
21
What is the highest common divisor of 221 and 2821377?
13
What is the greatest common divisor of 525 and 389325?
75
Calculate the highest common divisor of 12 and 1002810.
6
Calculate the greatest common divisor of 42 and 69578474.
14
Calculate the greatest common factor of 24560 and 250736110.
3070
What is the highest common divisor of 5278768 and 223212?
3916
Calculate the greatest common factor of 1340 and 18050738.
134
What is the highest common divisor of 1860 and 2590200?
60
What is the highest common factor of 6 and 77616549?
3
What is the greatest common divisor of 959946 and 6030492?
2418
Calculate the greatest common factor of 111711 and 3147336.
4857
What is the greatest common factor of 9199827 and 104013?
819
What is the greatest common divisor of 482 and 318961813?
241
Calculate the highest common factor of 19653459 and 4557.
147
Calculate the greatest common factor of 642976 and 11360.
2272
Calculate the greatest common divisor of 41 and 218858.
41
What is the highest common factor of 5685 and 182760?
15
What is the highest common divisor of 10430850 and 45?
15
Calculate the greatest common factor of 6228976 and 182.
26
What is the greatest common divisor of 46983300 and 43680?
5460
What is the highest common divisor of 57743 and 1742573?
791
Calculate the highest common factor of 774067 and 21.
7
What is the highest common divisor of 172 and 8922500?
172
What is the highest common divisor of 1569933 and 3565?
31
Calculate the highest common factor of 22968 and 2015288.
88
What is the greatest common factor of 109208 and 66861?
17
What is the greatest common factor of 18 and 1126570527?
9
What is the greatest common divisor of 777 and 1746843?
21
Calculate the greatest common factor of 11208712 and 76796.
292
What is the highest common divisor of 641456407 and 36501?
12167
Calculate the greatest common factor of 20 and 785616740.
20
What is the greatest common divisor of 198 and 2006696043?
99
Calculate the highest common factor of 329 and 61014131.
47
Calculate the greatest common divisor of 891269 and 2319.
773
What is the highest common divisor of 7310745 and 195?
195
Calculate the highest common factor of 4760 and 42828440.
680
Calculate the greatest common factor of 4401 and 3898471.
163
Calculate the greatest common factor of 186 and 74209722.
186
Calculate the highest common divisor of 22464 and 930592.
416
What is the greatest common divisor of 5486 and 124271615?
2743
Calculate the highest common divisor of 6 and 90514926.
6
Calculate the highest common divisor of 1672 and 3640032.
88
Calculate the greatest common factor of 2494 and 1836831.
1247
Calculate the greatest common divisor of 1156660 and 111740.
3020
Calculate the greatest common divisor of 683442 and 520902.
774
Calculate the highest common divisor of 3242319853 and 367.
367
What is the highest common divisor of 9554404 and 53440?
668
Calculate the greatest common divisor of 15 and 18172995.
15
What is the highest common divisor of 7569 and 514054?
29
What is the greatest common factor of 2448 and 1831608?
72
Calculate the greatest common factor of 798420 and 1764.
84
Calculate the highest common factor of 15917958 and 54.
54
What is the highest common factor of 219 and 1707981?
219
What is the highest common divisor of 1139 and 22125058?
17
Calculate the highest common factor of 106 and 218349612.
106
What is the greatest common divisor of 2106126960 and 142?
142
Calculate the highest common divisor of 270 and 522018.
54
Calculate the highest common factor of 2093 and 212935541.
2093
Calculate the greatest common divisor of 78019 and 51179.
61
Calculate the greatest common factor of 195693 and 12099.
111
What is the highest common factor of 9967908 and 24?
12
Calculate the highest common divisor of 26 and 53210287.
13
What is the highest common factor of 18454338 and 36?
18
What is the highest common factor of 23552 and 55154?
46
What is the highest common factor of 1375304 and 917668?
2396
What is the greatest common divisor of 185350 and 1322200?
550
Calculate the highest common factor of 525393492 and 13.
13
What is the highest common factor of 6399257 and 209?
19
What is the highest common factor of 419937 and 147?
21
What is the highest common divisor of 12826 and 755197?
53
What is the greatest common divisor of 517 and 55507?
47
What is the greatest common divisor of 83565201 and 1833?
141
Calculate the highest common divisor of 73200 and 1992.
24
What is the highest common factor of 6086 and 1406189?
17
Calculate the highest common divisor of 23624820 and 180.
180
What is the greatest common factor of 1668418555 and 3505?
3505
Calculate the highest common factor of 13760 and 105995.
215
What is the highest common factor of 1798888 and 29596?
196
Calculate the highest common divisor of 103 and 339286532.
103
Calculate the greatest common factor of 8100 and 5788665.
405
Calculate the greatest common divisor of 14544558 and 189.
63
What is the highest common factor of 12398880 and 702?
78
What is the highest common divisor of 4319325 and 864?
27
What is the greatest common factor of 578633538 and 933?
933
What is the highest common divisor of 50656842 and 307?
307
Calculate the highest common divisor of 6214 and 2161458.
26
What is the greatest common factor of 1195 and 9978967?
239
What is the highest common factor of 959200 and 18975?
275
Calculate the greatest common divisor of 68377 and 94637.
101
What is the highest common divisor of 29691538 and 666?
74
Calculate the greatest common factor of 2 and 122403.
1
Calculate the greatest common factor of 25487466 and 3152.
394
Calculate the greatest common divisor of 271441885 and 55.
55
What is the greatest common divisor of 8615846 and 69?
23
What is the greatest common divisor of 12234 and 15558?
6
Calculate the greatest common divisor of 8816 and 19740677.
551
What is the greatest common factor of 2377813 and 1424?
89
Calculate the highest common divisor of 608 and 535248.
16
What is the highest common divisor of 675 and 2009151?
27
Calculate the greatest common divisor of 1637251776 and 14688.
4896
Calculate the greatest common factor of 847 and 403249.
77
Calculate the highest common divisor of 1896339 and 17679.
213
What is the greatest common divisor of 5722672 and 400?
16
What is the highest common factor of 833670 and 1086126?
942
What is the greatest common factor of 57140230 and 1750?
70
Calculat